rs of 18691647?
3, 13, 109, 4397
What are the prime factors of 80345674?
2, 40172837
What are the prime factors of 63875646?
2, 3, 23, 277, 557
What are the prime factors of 67331647?
67331647
List the prime factors of 27632556.
2, 3, 7, 36551
What are the prime factors of 2173286947?
13, 167175919
What are the prime factors of 45146029?
45146029
What are the prime factors of 17100361?
19, 900019
List the prime factors of 41079584.
2, 7, 13, 14107
What are the prime factors of 615109237?
615109237
List the prime factors of 11056382.
2, 631, 8761
List the prime factors of 61460248.
2, 113, 67987
List the prime factors of 2266335202.
2, 11027, 102763
What are the prime factors of 3385548441?
3, 11, 11399153
List the prime factors of 3979491389.
29, 137223841
What are the prime factors of 866811897?
3, 7, 67, 205357
List the prime factors of 3073009725.
3, 5, 4552607
List the prime factors of 16940448.
2, 3, 7, 2801
List the prime factors of 37310461.
17, 653, 3361
What are the prime factors of 23626767?
3, 79, 131, 761
List the prime factors of 93140263.
17, 5478839
What are the prime factors of 42938377?
42938377
List the prime factors of 232534784.
2, 23, 73, 541
What are the prime factors of 435023041?
719, 605039
What are the prime factors of 34726540?
2, 5, 653, 2659
List the prime factors of 6973516.
2, 11, 158489
List the prime factors of 51178890.
2, 3, 5, 7, 243709
List the prime factors of 452370927.
3, 150790309
List the prime factors of 17904793.
409, 43777
List the prime factors of 496490666.
2, 7, 73, 167, 2909
List the prime factors of 74094818.
2, 7, 5292487
List the prime factors of 303752884.
2, 107, 709703
List the prime factors of 277457305.
5, 73, 449, 1693
What are the prime factors of 913980122?
2, 11, 41544551
List the prime factors of 1567227959.
11, 271, 525739
List the prime factors of 182264667.
3, 13, 17, 274909
List the prime factors of 98298308.
2, 3391, 7247
List the prime factors of 137519283.
3, 11, 19, 127, 157
What are the prime factors of 2183871301?
367, 5950603
List the prime factors of 34762130.
2, 5, 13, 267401
What are the prime factors of 6954888519?
3, 27259, 28349
What are the prime factors of 280580438?
2, 383, 366293
List the prime factors of 254286761.
29, 97, 90397
What are the prime factors of 1442112100?
2, 5, 11, 13, 100847
What are the prime factors of 59706076?
2, 14926519
List the prime factors of 254243057.
254243057
What are the prime factors of 60349437?
3, 503, 13331
What are the prime factors of 261219413?
7, 13, 220811
What are the prime factors of 2485654376?
2, 37, 1367, 6143
What are the prime factors of 204087827?
204087827
List the prime factors of 2985041434.
2, 307, 4861631
What are the prime factors of 104692711?
23, 131, 34747
List the prime factors of 31726572.
2, 3, 881, 3001
What are the prime factors of 569499666?
2, 3, 94916611
What are the prime factors of 689816285?
5, 137963257
List the prime factors of 28977916.
2, 11, 658589
List the prime factors of 49342426.
2, 7, 3524459
List the prime factors of 3485748754.
2, 503, 3464959
What are the prime factors of 49786048?
2, 13, 4603
What are the prime factors of 50601183?
3, 1549, 10889
What are the prime factors of 317016910?
2, 5, 7, 4528813
What are the prime factors of 331575995?
5, 29, 167, 13693
What are the prime factors of 24602230?
2, 5, 17, 144719
What are the prime factors of 255078646?
2, 4969, 25667
What are the prime factors of 100194391?
11, 19, 29, 61, 271
What are the prime factors of 2331876291?
3, 777292097
What are the prime factors of 1013477487?
3, 11, 2791949
List the prime factors of 1129024065.
3, 5, 13, 863, 6709
What are the prime factors of 57931661?
1061, 54601
List the prime factors of 634058022.
2, 3, 13, 8128949
List the prime factors of 98767815.
3, 5, 223, 29527
List the prime factors of 1472383154.
2, 11, 66926507
What are the prime factors of 2127907769?
13, 83, 1972111
List the prime factors of 30511902.
2, 3, 37, 167, 823
List the prime factors of 168497.
7, 24071
List the prime factors of 239486045.
5, 47897209
List the prime factors of 83339575.
5, 11, 303053
List the prime factors of 1989304305.
3, 5, 132620287
What are the prime factors of 641278711?
29, 22113059
List the prime factors of 449689257.
3, 49965473
What are the prime factors of 116429586?
2, 3, 7, 13, 41, 743
List the prime factors of 46470637.
19, 683, 3581
What are the prime factors of 7002436?
2, 7, 17, 47, 313
What are the prime factors of 474333737?
10709, 44293
What are the prime factors of 164134673?
19, 127, 251, 271
What are the prime factors of 45071082?
2, 3, 7, 137, 373
List the prime factors of 44167903.
13, 3397531
List the prime factors of 707293265.
5, 7, 20208379
List the prime factors of 1031566.
2, 515783
List the prime factors of 91844544.
2, 3, 11, 43487
List the prime factors of 4819023748.
2, 7, 11, 15646181
List the prime factors of 2982511635.
3, 5, 198834109
List the prime factors of 132558745.
5, 11, 97, 24847
What are the prime factors of 55325024?
2, 1728907
List the prime factors of 232833355.
5, 157, 179, 1657
What are the prime factors of 67098176?
2, 23, 79, 577
What are the prime factors of 53024677?
61, 869257
List the prime factors of 323258.
2, 13, 12433
List the prime factors of 252503.
29, 8707
List the prime factors of 69791958.
2, 3, 3877331
List the prime factors of 73685990.
2, 5, 7, 17, 19, 3259
What are the prime factors of 14041037?
151, 92987
What are the prime factors of 197726326?
2, 7, 14123309
What are the prime factors of 15279431?
89, 171679
What are the prime factors of 175921099?
175921099
List the prime factors of 220289038.
2, 31, 3553049
List the prime factors of 2179198945.
5, 7, 11, 47, 120431
What are the prime factors of 162829374?
2, 3, 23, 29, 61
What are the prime factors of 332174069?
332174069
List the prime factors of 72368094.
2, 3, 12061349
What are the prime factors of 39414150?
2, 3, 5, 87587
List the prime factors of 29302461.
3, 563, 5783
What are the prime factors of 203133900?
2, 3, 5, 677113
What are the prime factors of 239042992?
2, 631, 23677
List the prime factors of 106932010.
2, 5, 10693201
List the prime factors of 1895454857.
67, 28290371
List the prime factors of 155271370.
2, 5, 17, 809, 1129
List the prime factors of 391663335.
3, 5, 7, 71, 107, 491
List the prime factors of 43891828.
2, 107, 102551
What are the prime factors of 265421214?
2, 3, 14745623
What are the prime factors of 61270440?
2, 3, 5, 7, 11, 19, 349
List the prime factors of 4658578.
2, 17, 181, 757
List the prime factors of 1778742.
2, 3, 7, 19, 743
What are the prime factors of 35738246?
2, 43, 149, 2789
List the prime factors of 1120942776.
2, 3, 46705949
What are the prime factors of 597110704?
2, 37319419
List the prime factors of 489121062.
2, 3, 41, 1988297
What are the prime factors of 1267491153?
3, 23, 18369437
List the prime factors of 1814014465.
5, 89, 1373, 2969
What are the prime factors of 104680249?
3727, 28087
List the prime factors of 682301833.
682301833
What are the prime factors of 1489507981?
13, 114577537
List the prime factors of 3153136905.
3, 5, 70069709
List the prime factors of 431203604.
2, 13, 307, 27011
What are the prime factors of 174119118?
2, 3, 29019853
List the prime factors of 2604483766.
2, 1302241883
What are the prime factors of 646285535?
5, 7, 18465301
List the prime factors of 19598712.
2, 3, 7, 43, 2713
List the prime factors of 51585877.
7, 107, 9839
List the prime factors of 1267773693.
3, 1483, 284957
What are the prime factors of 3306082650?
2, 3, 5, 13, 17, 19, 29, 181
What are the prime factors of 399328041?
3, 7, 19015621
List the prime factors of 2442452185.
5, 19, 71, 257, 1409
List the prime factors of 106140398.
2, 7, 13, 583189
List the prime factors of 810797533.
7, 13, 8909863
What are the prime factors of 1048080259?
83, 1741, 7253
What are the prime factors of 1495772674?
2, 11, 1601, 42467
List the prime factors of 9621096.
2, 3, 311, 1289
List the prime factors of 151783406.
2, 101, 467, 1609
List the prime factors of 270633487.
5087, 53201
List the prime factors of 399937638.
2, 3, 66656273
List the prime factors of 49781774.
2, 7, 883, 4027
List the prime factors of 6488225.
5, 109, 2381
List t